{"id":16,"date":"2020-06-02T14:32:00","date_gmt":"2020-06-02T12:32:00","guid":{"rendered":"http:\/\/localhost\/wlow3\/?page_id=16"},"modified":"2020-06-16T17:46:59","modified_gmt":"2020-06-16T15:46:59","slug":"nos-services","status":"publish","type":"page","link":"https:\/\/lore-automobiles.be\/index.php\/nos-services\/","title":{"rendered":"Nos services"},"content":{"rendered":"\n<p>Gr\u00e2ce notre exp\u00e9rience et notre expertise, nous proposons une gamme de travaux sur toute marque de v\u00e9hicule.<\/p>\n\n\n\n<p><\/p>\n\n\n\n<!--more-->\n\n\n\n<h4>Travaux sur v\u00e9hicules de toutes marques<\/h4>\n\n\n\n<p>Nous travaillons toujours selon le cahier des charges des constructeurs.<br>Toutes les marques de voitures sont les bienvenues dans notre garage. Pour l&rsquo;entretien et la r\u00e9paration, votre voiture est entre de bonnes mains<\/p>\n\n\n\n<div class=\"wp-container-1 wp-block-group\"><div class=\"wp-block-group__inner-container\">\n<figure class=\"wp-block-gallery columns-2 is-cropped\"><ul class=\"blocks-gallery-grid\"><li class=\"blocks-gallery-item\"><figure><img loading=\"lazy\" width=\"800\" height=\"400\" src=\"https:\/\/lore-automobiles.be\/wp-content\/uploads\/2020\/06\/Travaux1.png\" alt=\"\" data-id=\"260\" data-full-url=\"https:\/\/lore-automobiles.be\/wp-content\/uploads\/2020\/06\/Travaux1.png\" data-link=\"https:\/\/lore-automobiles.be\/index.php\/nos-services\/travaux1\/\" class=\"wp-image-260\" srcset=\"https:\/\/lore-automobiles.be\/wp-content\/uploads\/2020\/06\/Travaux1.png 800w, https:\/\/lore-automobiles.be\/wp-content\/uploads\/2020\/06\/Travaux1-300x150.png 300w, https:\/\/lore-automobiles.be\/wp-content\/uploads\/2020\/06\/Travaux1-768x384.png 768w\" sizes=\"(max-width: 800px) 100vw, 800px\" \/><\/figure><\/li><li class=\"blocks-gallery-item\"><figure><img loading=\"lazy\" width=\"800\" height=\"401\" src=\"https:\/\/lore-automobiles.be\/wp-content\/uploads\/2020\/06\/Travaux2.png\" alt=\"\" data-id=\"261\" data-full-url=\"https:\/\/lore-automobiles.be\/wp-content\/uploads\/2020\/06\/Travaux2.png\" data-link=\"https:\/\/lore-automobiles.be\/index.php\/nos-services\/travaux2\/\" class=\"wp-image-261\" srcset=\"https:\/\/lore-automobiles.be\/wp-content\/uploads\/2020\/06\/Travaux2.png 800w, https:\/\/lore-automobiles.be\/wp-content\/uploads\/2020\/06\/Travaux2-300x150.png 300w, https:\/\/lore-automobiles.be\/wp-content\/uploads\/2020\/06\/Travaux2-768x385.png 768w\" sizes=\"(max-width: 800px) 100vw, 800px\" \/><\/figure><\/li><\/ul><\/figure>\n<\/div><\/div>\n\n\n\n<hr class=\"wp-block-separator\"\/>\n\n\n\n<h4>Contr\u00f4le des v\u00e9hicules pour auto-s\u00e9curit\u00e9<\/h4>\n\n\n\n<p>Bien que les v\u00e9hicules soient de plus en plus s\u00fbrs et fiables, il est toujours bon de v\u00e9rifier le v\u00e9hicule avant un passage \u00e0 l&rsquo;auto-s\u00e9curit\u00e9. Nous nous assurons que tous les postes cl\u00e9s soient au vert avant de pr\u00e9senter le v\u00e9hicule au contr\u00f4le.<\/p>\n\n\n\n<figure class=\"wp-block-gallery columns-2 is-cropped\"><ul class=\"blocks-gallery-grid\"><li class=\"blocks-gallery-item\"><figure><img loading=\"lazy\" width=\"800\" height=\"400\" src=\"https:\/\/lore-automobiles.be\/wp-content\/uploads\/2020\/06\/Autosecurite1-1.jpg\" alt=\"\" data-id=\"254\" data-full-url=\"https:\/\/lore-automobiles.be\/wp-content\/uploads\/2020\/06\/Autosecurite1-1.jpg\" data-link=\"https:\/\/lore-automobiles.be\/index.php\/nos-services\/autosecurite1-2\/\" class=\"wp-image-254\" srcset=\"https:\/\/lore-automobiles.be\/wp-content\/uploads\/2020\/06\/Autosecurite1-1.jpg 800w, https:\/\/lore-automobiles.be\/wp-content\/uploads\/2020\/06\/Autosecurite1-1-300x150.jpg 300w, https:\/\/lore-automobiles.be\/wp-content\/uploads\/2020\/06\/Autosecurite1-1-768x384.jpg 768w\" sizes=\"(max-width: 800px) 100vw, 800px\" \/><\/figure><\/li><li class=\"blocks-gallery-item\"><figure><img loading=\"lazy\" width=\"940\" height=\"470\" src=\"https:\/\/lore-automobiles.be\/wp-content\/uploads\/2020\/06\/Autosecurite2.jpg\" alt=\"\" data-id=\"250\" data-full-url=\"https:\/\/lore-automobiles.be\/wp-content\/uploads\/2020\/06\/Autosecurite2.jpg\" data-link=\"https:\/\/lore-automobiles.be\/index.php\/nos-services\/autosecurite2\/\" class=\"wp-image-250\" srcset=\"https:\/\/lore-automobiles.be\/wp-content\/uploads\/2020\/06\/Autosecurite2.jpg 940w, https:\/\/lore-automobiles.be\/wp-content\/uploads\/2020\/06\/Autosecurite2-300x150.jpg 300w, https:\/\/lore-automobiles.be\/wp-content\/uploads\/2020\/06\/Autosecurite2-768x384.jpg 768w, https:\/\/lore-automobiles.be\/wp-content\/uploads\/2020\/06\/Autosecurite2-800x400.jpg 800w\" sizes=\"(max-width: 940px) 100vw, 940px\" \/><\/figure><\/li><\/ul><\/figure>\n\n\n\n<hr class=\"wp-block-separator\"\/>\n\n\n\n<h4>R\u00e9glage des phares<\/h4>\n\n\n\n<p>Un bon ajustement des phares est primordial. <\/p>\n\n\n\n<ul><li>Si vos phares sont r\u00e9gl\u00e9s trop haut, votre vision de la route n\u2019est pas optimale et vous g\u00eanez les conducteurs que vous croisez<\/li><li>Si vos phares sont r\u00e9gl\u00e9s trop bas, votre champ de vision est trop court. Ce mauvais r\u00e9glage peut vous co\u00fbter des secondes vitales si vous devez \u00e9viter un obstacle sur la route.<\/li><\/ul>\n\n\n\n<p>Le mauvais r\u00e9glage des phares est une raison fr\u00e9quente pour laquelle une voiture est refus\u00e9e au contr\u00f4le technique. Une v\u00e9rification rapide avant le contr\u00f4le peut vous \u00e9pargner une seconde visite. &nbsp;<\/p>\n\n\n\n<figure class=\"wp-block-gallery columns-2 is-cropped\"><ul class=\"blocks-gallery-grid\"><li class=\"blocks-gallery-item\"><figure><img loading=\"lazy\" width=\"800\" height=\"400\" src=\"https:\/\/lore-automobiles.be\/wp-content\/uploads\/2020\/06\/Phares1-1.jpg\" alt=\"\" data-id=\"256\" data-full-url=\"https:\/\/lore-automobiles.be\/wp-content\/uploads\/2020\/06\/Phares1-1.jpg\" data-link=\"https:\/\/lore-automobiles.be\/index.php\/nos-services\/phares1-2\/\" class=\"wp-image-256\" srcset=\"https:\/\/lore-automobiles.be\/wp-content\/uploads\/2020\/06\/Phares1-1.jpg 800w, https:\/\/lore-automobiles.be\/wp-content\/uploads\/2020\/06\/Phares1-1-300x150.jpg 300w, https:\/\/lore-automobiles.be\/wp-content\/uploads\/2020\/06\/Phares1-1-768x384.jpg 768w\" sizes=\"(max-width: 800px) 100vw, 800px\" \/><\/figure><\/li><li class=\"blocks-gallery-item\"><figure><img loading=\"lazy\" width=\"800\" height=\"400\" src=\"https:\/\/lore-automobiles.be\/wp-content\/uploads\/2020\/06\/Phares2.jpg\" alt=\"\" data-id=\"257\" data-full-url=\"https:\/\/lore-automobiles.be\/wp-content\/uploads\/2020\/06\/Phares2.jpg\" data-link=\"https:\/\/lore-automobiles.be\/index.php\/nos-services\/phares2\/\" class=\"wp-image-257\" srcset=\"https:\/\/lore-automobiles.be\/wp-content\/uploads\/2020\/06\/Phares2.jpg 800w, https:\/\/lore-automobiles.be\/wp-content\/uploads\/2020\/06\/Phares2-300x150.jpg 300w, https:\/\/lore-automobiles.be\/wp-content\/uploads\/2020\/06\/Phares2-768x384.jpg 768w\" sizes=\"(max-width: 800px) 100vw, 800px\" \/><\/figure><\/li><\/ul><\/figure>\n\n\n\n<hr class=\"wp-block-separator\"\/>\n\n\n\n<h4>Contr\u00f4le et r\u00e9glage du CO<\/h4>\n\n\n\n<p>Sur les voitures modernes,&nbsp;le contr\u00f4le de la pollution pose beaucoup de probl\u00e8mes, notamment pour les v\u00e9hicules utilis\u00e9s principalement en ville et sur de petits trajets.&nbsp;Cependant, les moteurs et surtout les syst\u00e8mes de d\u00e9pollution s&rsquo;encrassent assez vite pendant que les normes se durcissent.<\/p>\n\n\n\n<p>En bref, pour mettre toutes les chances de votre c\u00f4t\u00e9 nous pouvons v\u00e9rifier le v\u00f4tre en vue du contr\u00f4le technique. Cette op\u00e9ration permet dans le m\u00eame temps de&nbsp;r\u00e9duire la consommation de carburant&nbsp;et d&rsquo;am\u00e9liorer la souplesse du moteur.<\/p>\n\n\n\n<figure class=\"wp-block-gallery columns-2 is-cropped\"><ul class=\"blocks-gallery-grid\"><li class=\"blocks-gallery-item\"><figure><img loading=\"lazy\" width=\"799\" height=\"400\" src=\"https:\/\/lore-automobiles.be\/wp-content\/uploads\/2020\/06\/Reglage_co2.png\" alt=\"\" data-id=\"282\" data-full-url=\"https:\/\/lore-automobiles.be\/wp-content\/uploads\/2020\/06\/Reglage_co2.png\" data-link=\"https:\/\/lore-automobiles.be\/index.php\/nos-services\/reglage_co2\/\" class=\"wp-image-282\" srcset=\"https:\/\/lore-automobiles.be\/wp-content\/uploads\/2020\/06\/Reglage_co2.png 799w, https:\/\/lore-automobiles.be\/wp-content\/uploads\/2020\/06\/Reglage_co2-300x150.png 300w, https:\/\/lore-automobiles.be\/wp-content\/uploads\/2020\/06\/Reglage_co2-768x384.png 768w\" sizes=\"(max-width: 799px) 100vw, 799px\" \/><\/figure><\/li><li class=\"blocks-gallery-item\"><figure><img loading=\"lazy\" width=\"799\" height=\"400\" src=\"https:\/\/lore-automobiles.be\/wp-content\/uploads\/2020\/06\/Reglage_co1.png\" alt=\"\" data-id=\"281\" data-full-url=\"https:\/\/lore-automobiles.be\/wp-content\/uploads\/2020\/06\/Reglage_co1.png\" data-link=\"https:\/\/lore-automobiles.be\/index.php\/nos-services\/reglage_co1\/\" class=\"wp-image-281\" srcset=\"https:\/\/lore-automobiles.be\/wp-content\/uploads\/2020\/06\/Reglage_co1.png 799w, https:\/\/lore-automobiles.be\/wp-content\/uploads\/2020\/06\/Reglage_co1-300x150.png 300w, https:\/\/lore-automobiles.be\/wp-content\/uploads\/2020\/06\/Reglage_co1-768x384.png 768w\" sizes=\"(max-width: 799px) 100vw, 799px\" \/><\/figure><\/li><\/ul><\/figure>\n\n\n\n<p><\/p>\n\n\n\n<hr class=\"wp-block-separator\"\/>\n\n\n\n<h4>Contr\u00f4le des freins<\/h4>\n\n\n\n<p>Gr\u00e2ce \u00e0 notre banc de frein nous mesurons l&rsquo;efficacit\u00e9 de freinage ainsi que le d\u00e9s\u00e9quilibre gauche droite sur un essieu. Les r\u00e9sultats de ce test permettent d&rsquo;\u00e9valuer si les freins ont une capacit\u00e9 suffisante pour arr\u00eater le v\u00e9hicule et que la force de freinage est \u00e9quilibr\u00e9e afin de ne pas avoir de perte de contr\u00f4le du v\u00e9hicule.<\/p>\n\n\n\n<p>Ce test sera \u00e9galement effectu\u00e9 lors de votre passage au contr\u00f4le technique en plus du contr\u00f4le visuel;<\/p>\n\n\n\n<figure class=\"wp-block-gallery columns-2 is-cropped\"><ul class=\"blocks-gallery-grid\"><li class=\"blocks-gallery-item\"><figure><img loading=\"lazy\" width=\"800\" height=\"400\" src=\"https:\/\/lore-automobiles.be\/wp-content\/uploads\/2020\/06\/Freins1.png\" alt=\"\" data-id=\"283\" data-full-url=\"https:\/\/lore-automobiles.be\/wp-content\/uploads\/2020\/06\/Freins1.png\" data-link=\"https:\/\/lore-automobiles.be\/index.php\/nos-services\/freins1\/\" class=\"wp-image-283\" srcset=\"https:\/\/lore-automobiles.be\/wp-content\/uploads\/2020\/06\/Freins1.png 800w, https:\/\/lore-automobiles.be\/wp-content\/uploads\/2020\/06\/Freins1-300x150.png 300w, https:\/\/lore-automobiles.be\/wp-content\/uploads\/2020\/06\/Freins1-768x384.png 768w\" sizes=\"(max-width: 800px) 100vw, 800px\" \/><\/figure><\/li><li class=\"blocks-gallery-item\"><figure><img loading=\"lazy\" width=\"800\" height=\"400\" src=\"https:\/\/lore-automobiles.be\/wp-content\/uploads\/2020\/06\/Freins2.png\" alt=\"\" data-id=\"284\" data-full-url=\"https:\/\/lore-automobiles.be\/wp-content\/uploads\/2020\/06\/Freins2.png\" data-link=\"https:\/\/lore-automobiles.be\/index.php\/nos-services\/freins2\/\" class=\"wp-image-284\" srcset=\"https:\/\/lore-automobiles.be\/wp-content\/uploads\/2020\/06\/Freins2.png 800w, https:\/\/lore-automobiles.be\/wp-content\/uploads\/2020\/06\/Freins2-300x150.png 300w, https:\/\/lore-automobiles.be\/wp-content\/uploads\/2020\/06\/Freins2-768x384.png 768w\" sizes=\"(max-width: 800px) 100vw, 800px\" \/><\/figure><\/li><\/ul><\/figure>\n\n\n\n<hr class=\"wp-block-separator\"\/>\n\n\n\n<h4>Diagnostique du v\u00e9hicule<\/h4>\n\n\n\n<p>Le diagnostic \u00e9lectronique permet une analyse compl\u00e8te et int\u00e9grale de la voiture. Son but est avant tout de d\u00e9tecter toute anomalie ou probl\u00e8me non d\u00e9tectable \u00e0 premi\u00e8re vue. Nous r\u00e9alisons cette op\u00e9ration avec la valise Wurth de derni\u00e8re g\u00e9n\u00e9ration.<\/p>\n\n\n\n<p>Lorsque qu&rsquo;elle sera connect\u00e9e \u00e0 vote voiture, nous pourrons localiser la provenance du probl\u00e8me (frein, moteur, transmission, etc.) et intervenir rapidement pour le r\u00e9soudre.<\/p>\n\n\n\n<figure class=\"wp-block-gallery columns-2 is-cropped\"><ul class=\"blocks-gallery-grid\"><li class=\"blocks-gallery-item\"><figure><img loading=\"lazy\" width=\"800\" height=\"399\" src=\"https:\/\/lore-automobiles.be\/wp-content\/uploads\/2020\/06\/diagnostique1.png\" alt=\"\" data-id=\"285\" data-full-url=\"https:\/\/lore-automobiles.be\/wp-content\/uploads\/2020\/06\/diagnostique1.png\" data-link=\"https:\/\/lore-automobiles.be\/index.php\/nos-services\/diagnostique1\/\" class=\"wp-image-285\" srcset=\"https:\/\/lore-automobiles.be\/wp-content\/uploads\/2020\/06\/diagnostique1.png 800w, https:\/\/lore-automobiles.be\/wp-content\/uploads\/2020\/06\/diagnostique1-300x150.png 300w, https:\/\/lore-automobiles.be\/wp-content\/uploads\/2020\/06\/diagnostique1-768x383.png 768w\" sizes=\"(max-width: 800px) 100vw, 800px\" \/><\/figure><\/li><li class=\"blocks-gallery-item\"><figure><img loading=\"lazy\" width=\"800\" height=\"400\" src=\"https:\/\/lore-automobiles.be\/wp-content\/uploads\/2020\/06\/diagnostique2.png\" alt=\"\" data-id=\"286\" data-full-url=\"https:\/\/lore-automobiles.be\/wp-content\/uploads\/2020\/06\/diagnostique2.png\" data-link=\"https:\/\/lore-automobiles.be\/index.php\/nos-services\/diagnostique2\/\" class=\"wp-image-286\" srcset=\"https:\/\/lore-automobiles.be\/wp-content\/uploads\/2020\/06\/diagnostique2.png 800w, https:\/\/lore-automobiles.be\/wp-content\/uploads\/2020\/06\/diagnostique2-300x150.png 300w, https:\/\/lore-automobiles.be\/wp-content\/uploads\/2020\/06\/diagnostique2-768x384.png 768w\" sizes=\"(max-width: 800px) 100vw, 800px\" \/><\/figure><\/li><\/ul><\/figure>\n\n\n\n<hr class=\"wp-block-separator\"\/>\n\n\n\n<div class=\"wp-container-3 wp-block-group alignwide\"><div class=\"wp-block-group__inner-container\">\n<div class=\"wp-container-2 wp-block-group alignwide\"><div class=\"wp-block-group__inner-container\"><\/div><\/div>\n<\/div><\/div>\n\n\n\n<p><\/p>\n","protected":false},"excerpt":{"rendered":"<p>Gr\u00e2ce notre exp\u00e9rience et notre expertise, nous proposons une gamme de travaux sur toute marque de v\u00e9hicule.<\/p>\n","protected":false},"author":2,"featured_media":181,"parent":0,"menu_order":5,"comment_status":"closed","ping_status":"closed","template":"page-templates\/page-panel-left.php","meta":[],"_links":{"self":[{"href":"https:\/\/lore-automobiles.be\/index.php\/wp-json\/wp\/v2\/pages\/16"}],"collection":[{"href":"https:\/\/lore-automobiles.be\/index.php\/wp-json\/wp\/v2\/pages"}],"about":[{"href":"https:\/\/lore-automobiles.be\/index.php\/wp-json\/wp\/v2\/types\/page"}],"author":[{"embeddable":true,"href":"https:\/\/lore-automobiles.be\/index.php\/wp-json\/wp\/v2\/users\/2"}],"replies":[{"embeddable":true,"href":"https:\/\/lore-automobiles.be\/index.php\/wp-json\/wp\/v2\/comments?post=16"}],"version-history":[{"count":42,"href":"https:\/\/lore-automobiles.be\/index.php\/wp-json\/wp\/v2\/pages\/16\/revisions"}],"predecessor-version":[{"id":287,"href":"https:\/\/lore-automobiles.be\/index.php\/wp-json\/wp\/v2\/pages\/16\/revisions\/287"}],"wp:featuredmedia":[{"embeddable":true,"href":"https:\/\/lore-automobiles.be\/index.php\/wp-json\/wp\/v2\/media\/181"}],"wp:attachment":[{"href":"https:\/\/lore-automobiles.be\/index.php\/wp-json\/wp\/v2\/media?parent=16"}],"curies":[{"name":"wp","href":"https:\/\/api.w.org\/{rel}","templated":true}]}}